ighest common divisor of 3 and v.
1
Let v(p) = 3*p**3 + 3*p - 3. Let m(n) = -2*n**3 - 2*n + 2. Let g(i) = -10*m(i) - 6*v(i). Let u be g(2). Calculate the highest common divisor of 54 and u.
18
Let v(h) be the first derivative of -3*h**4/2 - h**3/3 - 3. Let t be v(-1). Calculate the greatest common factor of 10 and t.
5
Let w(d) = 6*d + 7. Let r(y) = -5*y - 8. Let m(l) = 5*r(l) + 4*w(l). Let c be m(-15). Let u = 8 - 5. Calculate the greatest common divisor of u and c.
3
Let h = 27 + -10. Suppose 0*a + 4*a + 20 = 5*g, -g + 5*a = h. Let n(i) = 9*i**3 - 3*i**2 + 2*i. Let z be n(2). What is the highest common factor of g and z?
8
Suppose -3*x - 5*m = -47, 2*m + 43 = 4*x - 11. Let r be -14*21/(-4 + 1). What is the highest common factor of x and r?
14
Let s be (0 - (-34)/(-4))*-6. Let k(q) = q**3 + 63. Let n be k(0). Let j be 4*(-1 + n/12). Calculate the greatest common divisor of s and j.
17
Suppose 4*b - 264 = b. Let x = -107 - -115. What is the highest common divisor of x and b?
8
Let f = 54 - 12. Let z(d) = 14*d - 19. Let t(v) = 119*v - 161. Let b(o) = f*z(o) - 5*t(o). Let r be b(-9). Calculate the highest common factor of r and 14.
14
Suppose -h = 4*s - 148, -s + 0*h + 48 = 3*h. Calculate the highest common factor of s and 12.
12
Let r(v) = -v**3 + v + 7. Let y be r(0). Suppose k + 3 = y. Suppose 0*h + 4*h = k, 3*p - 4*h - 221 = 0. Calculate the highest common factor of p and 15.
15
Suppose 3 + 19 = 2*h. Let m = h - 9. Let o(t) = -t**3 + 4*t**2 - 2*t - 2. Let q be o(3). Calculate the greatest common divisor of q and m.
1
Let t be 90/4*858/117. Let y be ((4 + 1)*-3)/(-1). What is the highest common divisor of y and t?
15
Let r(d) = -d**3 + 3*d**2 + 2*d + 3. Let j be r(3). Suppose 0 = 3*u + 100 - 892. Let i = u + -183. What is the greatest common factor of i and j?
9
Suppose 2*p + 2*l - 92 = 0, 0 = -2*p + 4*l + l + 85. Calculate the highest common factor of p and 15.
15
Let o(l) = -32 - 38*l + 0*l + 6*l. Let g(j) = 21*j + 21. Let s(d) = 8*g(d) + 5*o(d). Let i be s(6). What is the highest common factor of i and 14?
14
Let p(x) be the second derivative of -x**4/12 + 3*x**3/2 + 7*x**2/2 - 8*x. Let v be p(8). Calculate the highest common divisor of v and 150.
15
Suppose 4*s = -5*y + 307, 4*y = -2*s - 0*s + 248. Let l = 93 - y. Calculate the highest common divisor of l and 20.
10
Suppose 0 = 4*t - 3*t - 8. Let d = -150 - -174. Calculate the highest common factor of d and t.
8
Let c = 50 - 26. What is the highest common factor of c and 8?
8
Let m = -16 - -32. Suppose -t = 4*t. Let s be (t - (-16)/(-2))*-1. What is the greatest common factor of s and m?
8
Let j = 17 - -3. Let p = 0 + 6. Let o = j - p. What is the greatest common factor of 98 and o?
14
Suppose -i - 6 = 2*i. Let f be (0 - -1)*(-284)/i. Suppose f = 5*m + 3*k - 501, 4*m = -4*k + 516. Calculate the highest common factor of 16 and m.
16
Suppose -12 = 2*i - 6*i + 4*d, 2*i + d - 6 = 0. What is the greatest common divisor of 6 and i?
3
Let a(q) = -5*q**3 + 4*q**2 + 4*q + 6. Let u be a(-3). Calculate the greatest common divisor of u and 15.
15
Let n = 13 + -21. Let q = n - -23. Suppose -3*g - 9 = -6*g. Calculate the highest common divisor of q and g.
3
Let b = 40 - -86. What is the highest common divisor of 42 and b?
42
Let p(a) = 2*a**2 + 8*a + 10. Let b be p(-5). Calculate the highest common divisor of 4 and b.
4
Let t = 1 + 2. Suppose w + 160 = t*w. Let b(r) = -r**2 - 6*r + 2. Let m be b(-4). What is the greatest common divisor of m and w?
10
Let z(k) = 7*k**2 + 2*k - 1. Let m be z(1). Let n = -6 + m. What is the greatest common factor of 22 and n?
2
Let f = 0 + 1. Let g(h) = 134*h**3 + 1. Let a be g(f). Let l = 1 - -14. What is the greatest common divisor of a and l?
15
Let g = 11 - 29. Suppose -4*x + 28 = f - 0*x, -155 = -5*f - 5*x. Let h = g + f. Calculate the greatest common factor of h and 14.
14
Suppose 3*k + 74 = -k - 2*w, -3*k - 52 = -2*w. Let y = 0 + 1. Let j be (11 + y)/((-27)/k). What is the highest common factor of 32 and j?
8
Let b be 2/(-8)*-2*56. Suppose 5*n + b = 2*t + n, -54 = -5*t + 2*n. Suppose -200 = -q - q. What is the greatest common divisor of q and t?
10
Let w be 3/(-9) - (-22)/3. What is the greatest common factor of 161 and w?
7
Suppose -c - 4*c + 1446 = -3*w, 3*c - 862 = -w. What is the highest common factor of c and 72?
72
Let z = 149 + -102. Let i = z - 104. Let a = 105 + i. Calculate the highest common divisor of a and 8.
8
Suppose -366 = -4*g + 2*w, -2*w = 5*g - 445 + 1. What is the greatest common divisor of g and 30?
30
Let b(v) be the first derivative of -v**4/4 - 2*v**3 + 3*v**2/2 - 8*v - 2. Let p be b(-7). Let i = 48 - p. What is the greatest common divisor of i and 4?
4
Let p(w) = -w - 5. Let i be p(-11). Suppose 0 = 4*v - f - 21, 2*f + 39 = 5*v + 5*f. What is the greatest common factor of v and i?
6
Let g be (-2)/4*(-10 - 0). Let t(q) = q + 1. Let x(y) = -y**2 + 3*y + 5. Let z(k) = 5*t(k) - x(k). Let v be z(g). What is the highest common divisor of 7 and v?
7
Let s = 8 + -3. Let p = 55 - 10. Calculate the highest common factor of s and p.
5
Suppose -3*i = -5*i + 18. Calculate the greatest common factor of 1 and i.
1
Let z be 852/39 - (-8)/52. What is the greatest common divisor of z and 2?
2
Let d(u) = u**3 - 3*u**2 + 3*u + 3. Let t be d(3). What is the highest common divisor of 48 and t?
12
Let l(v) = 3*v**2 - 11*v**2 - 5*v + 2*v - 5*v - v**3 + 3. Let a be l(-7). What is the greatest common factor of 15 and a?
5
Let d be (2/5)/((-10)/(-25)). Let r be d/(-2)*46*-1. Let i(s) = -185*s**3 - 2*s**2 - 2*s - 1. Let t be i(-1). What is the highest common divisor of t and r?
23
Suppose 3*g = -g - 2*v + 246, 3*v = 4*g - 231. Let x be 11*-3 - (-6 - -4). Let c = 43 + x. What is the highest common divisor of g and c?
12
Suppose 4*d - 4*g - 36 = -4, 0 = 3*d + g - 32. Calculate the highest common divisor of d and 80.
10
Let c(s) = -3*s - 9. Let z be c(-6). Calculate the highest common factor of z and 90.
9
Suppose -1030 = -0*m + 5*m. Let d = -115 - m. What is the highest common divisor of d and 13?
13
Suppose -1056 = -14*n - 2*n. Let u = -16 - -38. Calculate the greatest common factor of u and n.
22
Suppose -5*l = -5*s + s + 29, 15 = 5*s - 2*l. Let y be -1*(1 + (2 - 4)). Calculate the greatest common factor of s and y.
1
Suppose 0*p - a + 6 = 5*p, 0 = 3*p - 3*a - 18. Suppose 3*y - p = 10. Suppose 3*x + 10 = j, -3 = -y*x - 15. Calculate the greatest common factor of 2 and j.
1
Suppose 4*f - 21 = f. Suppose 5*n + 7 - 217 = 0. Calculate the highest common divisor of n and f.
7
Let c = -15 - -1. Let w be (-4)/c + 200/(-14). Let t = -10 - w. What is the highest common divisor of 1 and t?
1
Let w be 4/(-3 + 62/20). What is the highest common factor of 16 and w?
8
Let b be -2*8/(-12)*9. Calculate the highest common factor of b and 48.
12
Let c be 9 + (-1 - (-2)/1). Let i(p) = -p**3 - p**2 + 3*p + 8. Let a be i(4). Let u = -20 - a. Calculate the highest common factor of u and c.
10
Suppose 14*j - 9*j = 35. Calculate the highest common factor of 91 and j.
7
Suppose -89 = 5*b - 3*c - 247, 20 = 5*c. What is the highest common factor of 34 and b?
34
Suppose 3*l + 112 = 5*l. Suppose 0 = -c - 2*c + 42. Calculate the highest common divisor of c and l.
14
Let t be (-53)/(-3) - 4/(-12). Calculate the highest common divisor of t and 90.
18
Suppose 61 + 59 = 5*m. Let u(g) = 2*g. Let l be u(1). Suppose -4*y + l*t = -10, -y = -6*y + 4*t + 11. Calculate the greatest common factor of m and y.
3
Let l(p) = 9*p - 5. Let q(z) = -9*z + 4. Let r(o) = -2*l(o) - 3*q(o). Suppose -6*s + 0*s = -12. Let x be r(s). Calculate the highest common factor of x and 128.
16
Let b(l) = l**3 + 4*l**2 - l. Let g be b(-4). Suppose 7*i - 2*a - 54 = 3*i, -49 = -4*i + 3*a. What is the highest common factor of i and g?
4
Let s be (1 + 1)/(771/255 + -3). Calculate the highest common factor of 68 and s.
17
Let p be (-15)/(-2)*(-8)/(-6). Let b = p - 4. Suppose b*i - 75 = 3*i. What is the highest common factor of 5 and i?
5
Suppose 21 = 3*c - 5*f, 5*f = 4*c - 2*c - 9. What is the greatest common divisor of c and 84?
12
Let g be (14/(-4))/(6/(-12)). Let u = g + -6. Calculate the highest common factor of 7 and u.
1
Let s(c) = 5*c**3 - 3*c**2 + 3*c. Let d be s(2). Suppose 2*f - d = -0*f. What is the greatest common factor